{"id":1848,"date":"2025-03-24T10:22:47","date_gmt":"2025-03-24T13:22:47","guid":{"rendered":"https:\/\/isfd243-bue.infd.edu.ar\/sitio\/?page_id=1848"},"modified":"2025-08-01T20:41:25","modified_gmt":"2025-08-01T23:41:25","slug":"inscripcion-estudiante-itinerante","status":"publish","type":"page","link":"https:\/\/isfd243-bue.infd.edu.ar\/sitio\/inscripcion-estudiante-itinerante\/","title":{"rendered":"Inscripci\u00f3n Estudiante Itinerante"},"content":{"rendered":"\n<p>Seg\u00fan el <a href=\"https:\/\/drive.google.com\/file\/d\/1QAT8PmCb0zAMAS1LzuyyqcfYGtBeMyoJ\/view\" target=\"_blank\" rel=\"noreferrer noopener\">Anexo 2 del nuevo RAM<\/a> a partir del ciclo lectivo 2025, se implementar\u00e1 la condici\u00f3n de <strong>ESTUDIANTE ITINERANTE.<\/strong><\/p>\n\n\n\n<p><br><em>Condiciones para la implementaci\u00f3n de la\/el estudiante itinerante en los Institutos Superiores de Formaci\u00f3n Docente (ISFD) y Formaci\u00f3n Docente y T\u00e9cnica (ISFDyT), Institutos Superiores de Formaci\u00f3n T\u00e9cnica (ISFT) e Instituciones Superiores de Formaci\u00f3n Docente Art\u00edstica; de gestiones estatal y privada de la Provincia de Buenos Aires.<\/em><\/p>\n\n\n\n<p class=\"has-base-3-color has-accent-background-color has-text-color has-background has-medium-font-size\" style=\"font-style:italic;font-weight:500\"><strong>Consideraciones generales<\/strong><\/p>\n\n\n\n<p>Se pueden cursar como estudiante itinerante hasta el 30% de las unidades curriculares (UC) de la carrera.<\/p>\n\n\n\n<ol>\n<li>La o el estudiante itinerante es quien cursa como estudiante regular en un Instituto en el que no se encuentra matriculada o matriculado para acreditar una o m\u00e1s unidades curriculares en un Profesorado o Tecnicatura.<\/li>\n\n\n\n<li>Una o un estudiante podr\u00e1 optar por cursar como itinerante, hasta el 30% de las unidades curriculares (UC) de la carrera.<\/li>\n\n\n\n<li>La solicitud se realizar\u00e1 en el periodo de inscripci\u00f3n a la\/s unidad\/es curricular\/es teniendo en cuenta las fechas dispuestas por la instituci\u00f3n en la que aspira cursar.<\/li>\n\n\n\n<li>Ser\u00e1 condici\u00f3n que la UC en la que solicita cursar, tenga igual denominaci\u00f3n, carga horaria y contenidos m\u00ednimos prescriptos que en el dise\u00f1ode la carrera en la que se encuentra matriculada o matriculado la o el estudiante. La pr\u00e1ctica docente, las did\u00e1cticas espec\u00edficas y la pr\u00e1ctica profesionalizante deber\u00e1n cursarse en la misma carrera en la que se encuentra matriculada o matriculado.<\/li>\n\n\n\n<li>Las instituciones considerar\u00e1n como \u00fanica variable para aceptar o rechazar la solicitud, el n\u00famero de estudiantes matriculadas o matriculados en la UC en la que se solicita vacante.<\/li>\n\n\n\n<li>La cursada de unidades curriculares realizadas como estudiante itinerante, tendr\u00e1 una validez de ocho turnos consecutivos a partir de la finalizaci\u00f3n de la cursada<\/li>\n\n\n\n<li>La acreditaci\u00f3n de la UC se deber\u00e1 realizar en la instituci\u00f3n que se cursa.<\/li>\n\n\n\n<li>La opci\u00f3n de estudiante itinerante podr\u00e1 realizarse en cualquier instituci\u00f3n que forma parte del \u00e1mbito de aplicaci\u00f3n de la presente resoluci\u00f3n.<\/li>\n<\/ol>\n\n\n\n<p><\/p>\n\n\n\n<p class=\"has-base-3-color has-accent-background-color has-text-color has-background has-medium-font-size\" style=\"font-style:italic;font-weight:200\"><strong>Son responsabilidades de la o el estudiante<\/strong><\/p>\n\n\n\n<p>\u25cf Presentar ante la direcci\u00f3n del Instituto donde aspira a cursar el Formulario A: \u201cSolicitud para cursar unidades curriculares como estudiante itinerante\u201d junto con el certificado anal\u00edtico parcial actualizado al momento de la solicitud.<br>\u25cf Notificar a la Direcci\u00f3n del instituto donde se hallare matriculada\/o la aceptaci\u00f3n como estudiante itinerante en otro instituto a trav\u00e9s de la entrega del Formulario B: \u201cNotificaci\u00f3n Instituto en el que la\/el estudiante se encuentra matriculada\/o \u201d<br>\u25cf Cumplir con las condiciones institucionales y de la propuesta pedag\u00f3gica para la acreditaci\u00f3n de la unidad curricular del establecimiento en el que realiza la solicitud.<br>\u25cf Solicitar ante el Instituto donde cursa como estudiante itinerante el Formulario D: \u201cConstancia de acreditaci\u00f3n de unidad curricular como estudiante itinerante\u201d<br>\u25cf Presentar ante el Instituto en el que se encuentra matriculada\/o el Formulario D: \u201cConstancia de acreditaci\u00f3n de unidad curricular como estudiante itinerante\u201d<\/p>\n\n\n\n<p><\/p>\n\n\n\n<p class=\"has-base-3-color has-accent-background-color has-text-color has-background has-medium-font-size\" style=\"font-style:italic;font-weight:600\">Documentaci\u00f3n que necesitar\u00e1n para solicitar cursar como ESTUDIANTE ITINERANTE<\/p>\n\n\n\n<ul>\n<li>Si est\u00e1s matriculado\/a en el ISFD N\u00ba 243 y quer\u00e9s o necesit\u00e1s cursar como itinerante en otro Instituto, deber\u00e1s:\n<ul>\n<li>llevar a dicho Instituto el Certificado Anal\u00edtico y fotocopia del D.N.I. <\/li>\n\n\n\n<li>dejar all\u00ed, el <a href=\"https:\/\/drive.google.com\/file\/d\/1Vnro6pPdGs2Gn_7iOZZRw083PN2VtPOd\/view?usp=sharing\">Formulario A<\/a>. <\/li>\n\n\n\n<li>hacer firmar y sellar el <a href=\"https:\/\/drive.google.com\/file\/d\/1OUhCvWDONEaL155IaPypQzMsIO_Brb8U\/view?usp=sharing\" target=\"_blank\" rel=\"noreferrer noopener\">Formulario B<\/a>, y<\/li>\n\n\n\n<li>este \u00faltimo lo traes a nuestro Instituto.<\/li>\n<\/ul>\n<\/li>\n\n\n\n<li>Si est\u00e1s matriculado en otro Instituto y quer\u00e9s cursar como itinerante en nuestro Instituto, tendr\u00e1s que:\n<ul>\n<li>traer el Certificado Anal\u00edtico y fotocopia del DNI. <\/li>\n\n\n\n<li>dejar el <a href=\"https:\/\/drive.google.com\/file\/d\/1xB3pWz3xro-upCE7sIg3yUNCdPL4pjcF\/view?usp=sharing\" target=\"_blank\" rel=\"noreferrer noopener\">Formulario A<\/a> en el ISFD N\u00b0 243, y <\/li>\n\n\n\n<li>llevar el <a href=\"https:\/\/drive.google.com\/file\/d\/1oVsCbXLtL2S0St5GmBZpkd7FAkdiexRi\/view?usp=sharing\" target=\"_blank\" rel=\"noreferrer noopener\">Formulario B<\/a> firmado y sellado para entregarlo en el Instituto donde est\u00e1s matriculado\/a.<\/li>\n<\/ul>\n<\/li>\n<\/ul>\n\n\n\n<p><\/p>\n\n\n\n<div class=\"wp-block-media-text alignwide is-stacked-on-mobile\" style=\"grid-template-columns:15% auto\"><figure class=\"wp-block-media-text__media\"><img decoding=\"async\" loading=\"lazy\" width=\"226\" height=\"223\" src=\"https:\/\/isfd243-bue.infd.edu.ar\/sitio\/wp-content\/uploads\/2025\/03\/image-4.png\" alt=\"\" class=\"wp-image-1855 size-full\"\/><\/figure><div class=\"wp-block-media-text__content\">\n<ul>\n<li class=\"has-medium-font-size\" style=\"font-style:italic;font-weight:300\">Consultar Horarios de ambas secciones\n<ul>\n<li class=\"has-medium-font-size\" style=\"font-style:italic;font-weight:300\"><strong><a href=\"https:\/\/drive.google.com\/file\/d\/1MwSEw2j7r15s3vBMdU-LLiv7_enq_fpB\/view?usp=sharing\" target=\"_blank\" rel=\"noreferrer noopener\">1\u00b0, 2\u00b0, 3\u00b0 \u00abA\u00bb<\/a><\/strong><\/li>\n\n\n\n<li class=\"has-medium-font-size\" style=\"font-style:italic;font-weight:300\"><strong><a href=\"https:\/\/drive.google.com\/file\/d\/1_N4pBF0hpBiZRh2b-rRslDZ-YU0fC6I8\/view?usp=sharing\" target=\"_blank\" rel=\"noreferrer noopener\">1\u00b0, 2\u00b0, 3\u00b0 \u00abB\u00bb<\/a><\/strong><\/li>\n<\/ul>\n<\/li>\n\n\n\n<li class=\"has-medium-font-size\" style=\"font-style:italic;font-weight:300\">Las vacantes son limitadas, es por ello que antes de descargar y completar los Formularios A y B debe responder el siguiente Formulario Google &gt;&gt; <a rel=\"noreferrer noopener\" href=\"https:\/\/forms.gle\/YUFy42MPebqNgbuu6\" target=\"_blank\"><strong>https:\/\/forms.gle\/YUFy42MPebqNgbuu6<\/strong><\/a> y aguardar a la respuesta del Equipo Directivo.<\/li>\n<\/ul>\n<\/div><\/div>\n\n\n\n<p class=\"has-accent-color has-text-color has-medium-font-size\" style=\"font-style:italic;font-weight:600\">El Formulario Google estar\u00e1 habilitado hasta el 4 de abril de 2025, y a partir del 10 de abril se enviar\u00e1n las respuestas a trav\u00e9s del correo electr\u00f3nico que brind\u00f3.-<\/p>\n\n\n\n<p><\/p>\n","protected":false},"excerpt":{"rendered":"<p>Seg\u00fan el Anexo 2 del nuevo RAM a partir del ciclo lectivo 2025, se implementar\u00e1 la condici\u00f3n de ESTUDIANTE ITINERANTE. Condiciones para la implementaci\u00f3n de la\/el estudiante itinerante en los Institutos Superiores de Formaci\u00f3n Docente (ISFD) y Formaci\u00f3n Docente y T\u00e9cnica (ISFDyT), Institutos Superiores de Formaci\u00f3n T\u00e9cnica (ISFT) e Instituciones Superiores de Formaci\u00f3n Docente Art\u00edstica; &#8230; <a title=\"Inscripci\u00f3n Estudiante Itinerante\" class=\"read-more\" href=\"https:\/\/isfd243-bue.infd.edu.ar\/sitio\/inscripcion-estudiante-itinerante\/\" aria-label=\"M\u00e1s en Inscripci\u00f3n Estudiante Itinerante\">[+]<\/a><\/p>\n","protected":false},"author":375,"featured_media":0,"parent":0,"menu_order":0,"comment_status":"closed","ping_status":"closed","template":"","meta":[],"acf":[],"_links":{"self":[{"href":"https:\/\/isfd243-bue.infd.edu.ar\/sitio\/wp-json\/wp\/v2\/pages\/1848"}],"collection":[{"href":"https:\/\/isfd243-bue.infd.edu.ar\/sitio\/wp-json\/wp\/v2\/pages"}],"about":[{"href":"https:\/\/isfd243-bue.infd.edu.ar\/sitio\/wp-json\/wp\/v2\/types\/page"}],"author":[{"embeddable":true,"href":"https:\/\/isfd243-bue.infd.edu.ar\/sitio\/wp-json\/wp\/v2\/users\/375"}],"replies":[{"embeddable":true,"href":"https:\/\/isfd243-bue.infd.edu.ar\/sitio\/wp-json\/wp\/v2\/comments?post=1848"}],"version-history":[{"count":13,"href":"https:\/\/isfd243-bue.infd.edu.ar\/sitio\/wp-json\/wp\/v2\/pages\/1848\/revisions"}],"predecessor-version":[{"id":1866,"href":"https:\/\/isfd243-bue.infd.edu.ar\/sitio\/wp-json\/wp\/v2\/pages\/1848\/revisions\/1866"}],"wp:attachment":[{"href":"https:\/\/isfd243-bue.infd.edu.ar\/sitio\/wp-json\/wp\/v2\/media?parent=1848"}],"curies":[{"name":"wp","href":"https:\/\/api.w.org\/{rel}","templated":true}]}}